{"id":180,"date":"2019-08-21T14:52:22","date_gmt":"2019-08-21T14:52:22","guid":{"rendered":"https:\/\/heureka-trade.de\/WP\/?page_id=63"},"modified":"2019-08-23T09:11:48","modified_gmt":"2019-08-23T09:11:48","slug":"nadrukiem","status":"publish","type":"page","link":"https:\/\/heureka-trade.de\/index.php\/language\/pl\/nadrukiem\/","title":{"rendered":"Stopka redakcyjna"},"content":{"rendered":"<p><strong>Identyfikacja podmiotu prawnego:<\/strong><\/p>\n<p><strong>heureka trade GmbH &amp; Co. KG<\/strong><br \/>\n<strong>Neuer Weg 3<\/strong><br \/>\n<strong>D-59505 Bad Sassendorf<\/strong><\/p>\n<p>Numer telefonu: + 49 (0) 29 27\/91 99 782<br \/>\nFaks: + 49 (0) 29 27\/91 99 783<br \/>\neMail: info@heureka-trade.de<\/p>\n<p>S\u0105d do rejestru: S\u0105d Rejonowy w Arnsberg<br \/>\nNumer rejestru: HRA 5609<\/p>\n<p>Heureka Trade GmbH &amp; Co. KG jest reprezentowany przez osobi\u015bcie odpowiedzialny partner:<\/p>\n<p>ITTN Beteiligungs-GmbH,<br \/>\nZarejestrowa\u0107:<br \/>\nS\u0105d Rejonowy w Arnsberg, HRB 6480.<br \/>\nTo z kolei jest reprezentowane przez dyrektora zarz\u0105dzaj\u0105cego Daniel Meinberg<\/p>\n<p>Numer identyfikacyjny VAT<br \/>\nzgodnie z sekcj\u0105 27 a<br \/>\nUstawa o podatku od warto\u015bci dodanej: DE233044543<br \/>\nNumer podatkowy 343\/5763\/0517<\/p>\n<p><strong>\u00a0<\/strong><\/p>\n<p><strong>Alternatywne sposoby rozwi\u0105zywania spor\u00f3w:<\/strong><br \/>\nKomisja Europejska udost\u0119pnia platform\u0119 do pozas\u0105dowego rozstrzygania spor\u00f3w (platforma OS) dost\u0119pn\u0105 pod adresem htt<a href=\"https:\/\/ec.europa.eu\/odr\" target=\"_blank\" rel=\"noopener noreferrer\">ps:\/\/ec.europa.eu\/odr<\/a>.<\/p>\n<p><strong>Jeste\u015bmy cz\u0142<\/strong><strong>onkiem ini<\/strong><strong>cjatywy FairCommerce od 12.01.2017.<\/strong><br \/>\nAby uzyska\u0107 wi\u0119cej informacji, zobacz www.fair-commerce.de.<\/p>\n","protected":false},"excerpt":{"rendered":"<p>Identyfikacja podmiotu prawnego: heureka trade GmbH &amp; Co. KG Neuer Weg 3 D-59505 Bad Sassendorf Numer telefonu: + 49 (0) 29 27\/91 99 782 Faks: + 49 (0) 29 27\/91 99 783 eMail: info@heureka-trade.de S\u0105d do rejestru: S\u0105d Rejonowy w Arnsberg Numer rejestru: HRA 5609 Heureka Trade GmbH &amp; Co. KG jest reprezentowany przez osobi\u015bcie &#8230; <a title=\"Stopka redakcyjna\" class=\"read-more\" href=\"https:\/\/heureka-trade.de\/index.php\/language\/pl\/nadrukiem\/\" aria-label=\"Mehr Informationen \u00fcber Stopka redakcyjna\">Weiterlesen<\/a><\/p>\n","protected":false},"author":1,"featured_media":0,"parent":0,"menu_order":0,"comment_status":"closed","ping_status":"closed","template":"","meta":{"footnotes":""},"class_list":["post-180","page","type-page","status-publish"],"_links":{"self":[{"href":"https:\/\/heureka-trade.de\/index.php\/wp-json\/wp\/v2\/pages\/180","targetHints":{"allow":["GET"]}}],"collection":[{"href":"https:\/\/heureka-trade.de\/index.php\/wp-json\/wp\/v2\/pages"}],"about":[{"href":"https:\/\/heureka-trade.de\/index.php\/wp-json\/wp\/v2\/types\/page"}],"author":[{"embeddable":true,"href":"https:\/\/heureka-trade.de\/index.php\/wp-json\/wp\/v2\/users\/1"}],"replies":[{"embeddable":true,"href":"https:\/\/heureka-trade.de\/index.php\/wp-json\/wp\/v2\/comments?post=180"}],"version-history":[{"count":1,"href":"https:\/\/heureka-trade.de\/index.php\/wp-json\/wp\/v2\/pages\/180\/revisions"}],"predecessor-version":[{"id":326,"href":"https:\/\/heureka-trade.de\/index.php\/wp-json\/wp\/v2\/pages\/180\/revisions\/326"}],"wp:attachment":[{"href":"https:\/\/heureka-trade.de\/index.php\/wp-json\/wp\/v2\/media?parent=180"}],"curies":[{"name":"wp","href":"https:\/\/api.w.org\/{rel}","templated":true}]}}