{"id":182,"date":"2019-08-21T12:57:00","date_gmt":"2019-08-21T12:57:00","guid":{"rendered":"https:\/\/heureka-trade.de\/WP\/?page_id=59"},"modified":"2019-08-21T12:57:00","modified_gmt":"2019-08-21T12:57:00","slug":"oem-service-3","status":"publish","type":"page","link":"https:\/\/heureka-trade.de\/index.php\/language\/fr\/oem-service-3\/","title":{"rendered":"Service OEM"},"content":{"rendered":"<p>En plus de notre propre emballage de produit, nous offrons \u00e9galement un service OEM pour les d\u00e9taillants.<\/p>\n<p>Nous concevons le produit d\u00e9sir\u00e9 selon vos propres souhaits ou mod\u00e8les.<\/p>\n<p>En plus d&#39;une conception personnalis\u00e9e de notre emballage standard, nous offrons<\/p>\n<p>flexibilit\u00e9 totale dans la conception des produits.<\/p>\n<p>Le reconditionnement dans des ampoules, des bo\u00eetes, des bo\u00eetes ou du papier d&#39;aluminium est possible dans tous les formats.<\/p>\n<p>D&#39;autres tailles de r\u00e9cipient, imprim\u00e9es ou coll\u00e9es, ainsi que des inserts et des instructions sont \u00e9galement possibles.<\/p>\n<p>S&#39;il vous pla\u00eet demander pour votre produit d\u00e9sir\u00e9.<\/p>\n","protected":false},"excerpt":{"rendered":"<p>En plus de notre propre emballage de produit, nous offrons \u00e9galement un service OEM pour les d\u00e9taillants. Nous concevons le produit d\u00e9sir\u00e9 selon vos propres souhaits ou mod\u00e8les. En plus d&#39;une conception personnalis\u00e9e de notre emballage standard, nous offrons flexibilit\u00e9 totale dans la conception des produits. Le reconditionnement dans des ampoules, des bo\u00eetes, des bo\u00eetes &#8230; <a title=\"Service OEM\" class=\"read-more\" href=\"https:\/\/heureka-trade.de\/index.php\/language\/fr\/oem-service-3\/\" aria-label=\"Mehr Informationen \u00fcber Service OEM\">Weiterlesen<\/a><\/p>\n","protected":false},"author":1,"featured_media":0,"parent":0,"menu_order":0,"comment_status":"closed","ping_status":"closed","template":"","meta":{"footnotes":""},"class_list":["post-182","page","type-page","status-publish"],"_links":{"self":[{"href":"https:\/\/heureka-trade.de\/index.php\/wp-json\/wp\/v2\/pages\/182","targetHints":{"allow":["GET"]}}],"collection":[{"href":"https:\/\/heureka-trade.de\/index.php\/wp-json\/wp\/v2\/pages"}],"about":[{"href":"https:\/\/heureka-trade.de\/index.php\/wp-json\/wp\/v2\/types\/page"}],"author":[{"embeddable":true,"href":"https:\/\/heureka-trade.de\/index.php\/wp-json\/wp\/v2\/users\/1"}],"replies":[{"embeddable":true,"href":"https:\/\/heureka-trade.de\/index.php\/wp-json\/wp\/v2\/comments?post=182"}],"version-history":[{"count":0,"href":"https:\/\/heureka-trade.de\/index.php\/wp-json\/wp\/v2\/pages\/182\/revisions"}],"wp:attachment":[{"href":"https:\/\/heureka-trade.de\/index.php\/wp-json\/wp\/v2\/media?parent=182"}],"curies":[{"name":"wp","href":"https:\/\/api.w.org\/{rel}","templated":true}]}}